me number?
True
Let x be 4655/175 - (-4)/10. Suppose -x*j = -7967 - 14740. Is j composite?
True
Let q(h) = 14*h + 199. Let b be q(-14). Suppose -2*n = -4, g + b*n - 2327 = 5188. Is g a prime number?
False
Let h(m) be the second derivative of 31*m**4/12 + 8*m**3/3 + 7*m**2/2 - 4*m + 1. Is h(-6) a composite number?
True
Let n(x) = -137*x**3 - 5*x**2 + 35*x + 281. Is n(-6) composite?
False
Suppose 2*c = -4*k + 70734, -3*c + 0*c + 3*k = -106110. Suppose 0 = 17*g + c - 142758. Is g a composite number?
False
Suppose -2*c + 2*q = -282524, c - 6*q = -2*q + 141277. Is c prime?
True
Let t be (0 - 1 - -2)/(10/5660). Suppose -4*f = -5*y - 2223, 4*f - 1702 - t = -4*y. Suppose 37*m + f = 38*m. Is m prime?
False
Let w(a) be the third derivative of a**5/12 + a**4/6 + a**3/2 + 13*a**2. Let r be w(-1). Suppose t - 5*b = -r*t + 1100, -2*t - 2*b = -436. Is t composite?
True
Suppose 3*v + m = -6, m = -m. Let d be (-3588)/(-2 + v) - -4. Is 3 + d - (-1 - 2) composite?
False
Let q(h) = -3*h**3 + 16*h**2 - h + 24. Let n(i) = i**3 + i**2 + i. Let b(g) = 4*n(g) + q(g). Let z be b(-18). Let o = -329 + z. Is o prime?
False
Suppose 8*m - 2 = 6. Let f be m*-3 + 0 + -1 + 1. Is (-58)/(f/((-66)/(-4))) a composite number?
True
Suppose 4*z - 3002347 = -5*m, -94013 = -z - 3*m + 656565. Is z a prime number?
False
Let f be (33/(-12))/((-9)/(-12) - 1). Let c(w) = 12*w**3 + 8*w**2 - 25*w + 2. Is c(f) composite?
True
Suppose 0 = 123*n - 17645359 + 4506130. Is n a composite number?
False
Suppose 146*w - 151*w = -13030. Suppose 4*q - 1653 = 3*q. Let v = w - q. Is v prime?
True
Let d(q) = q**3 + q**2 - 13*q + 7. Let t be d(0). Let x(z) = 230*z**2 + 7*z - 32. Is x(t) composite?
False
Is (23 - (-17296800)/(-72))*-3 prime?
False
Suppose 4*g = -0*g + 4*r + 16, r = 5*g - 36. Let p(q) = 9*q**3 - 12*q**2 + 5*q + 9. Is p(g) a composite number?
False
Suppose -3*o = 56 - 101. Suppose -o + 10 = 5*w. Is w/2*-748 + 3 a composite number?
True
Suppose 38*i = 36*i + 41234. Suppose 5*s - 14787 - 19563 = -5*o, 3*o - 4*s - i = 0. Suppose -6*g - 1537 = -o. Is g a composite number?
True
Suppose -90*j + 2 = -92*j. Is 19380/15 + j + 0/3 a composite number?
False
Is 358305643/649 - (-6)/33 prime?
True
Let c = 633 + -325. Is ((-7)/4)/((-11)/c) composite?
True
Suppose -97*h - 36*h + 6320379 = -7065938. Is h prime?
True
Let t(h) = 2827*h**2 + 32*h + 175. Is t(-8) prime?
True
Suppose 16 = -l - t - 3*t, 2*t + 6 = -l. Suppose 2676 = 3*x + g + 2*g, l*x = g + 3588. Let a = -273 + x. Is a prime?
False
Let u be 162/36 + (-1)/2. Let w be (2/u)/(2/(-4)). Is ((w - 3) + -3)*-13 a prime number?
False
Suppose 5*r - 18920 = -5*d, 0 - 10 = 5*r. Suppose -37*t + d + 5501 = 0. Is t a composite number?
False
Let q(d) = d**2 - 11*d + 368729. Is q(0) a composite number?
False
Suppose -2*n - 2*n = -3*r + 26, 5*r - 38 = 4*n. Suppose 0 = -g - r + 4. Is (-28788)/30*(-1 - (-3)/g) a composite number?
False
Suppose 9 = -o - g + 6*g, -5*g = 5*o - 15. Let f(v) be the first derivative of 22*v**2 - 5*v - 1563. Is f(o) composite?
True
Let d(x) = 26*x**2 + 272*x - 161. Is d(-45) prime?
False
Is (0 - -4) + (32 - 52) + 1494159 a prime number?
False
Let r = -13297 - -24478. Let a = -3034 + r. Is a composite?
False
Suppose 137 + 103 = 8*t. Suppose -18*d - t*d = -353040. Is d a prime number?
False
Suppose -p + 8489 = 2*i + 790, p + i - 7700 = 0. Suppose 75140 = 11*z - p. Is z a prime number?
False
Let a(q) = 303*q**2 - 63*q + 181. Is a(20) a composite number?
False
Suppose 3*k - 4 = 5. Suppose k*m - 24 = -m. Is 2/m*(7900 - 7) a composite number?
True
Let i(r) = 112865*r**2 - 84*r - 175. Is i(-2) composite?
True
Let u be (-11)/(-3) + (-10)/6 + 1. Let x be u + (-1 + -3)/2. Is x/2 + 4197/2 a composite number?
False
Suppose -143544 + 13437 = -31*b. Is b a composite number?
True
Suppose 2*f + 8 = -2*i, -4*i - 3*f - 21 = -2. Let r(u) = -3818*u + 107. Is r(i) prime?
True
Suppose 0 = 3*x + 127 - 136. Suppose -4*b + 3*c + 18041 = 0, 0*b + 9025 = 2*b + x*c. Is b composite?
True
Let r(o) = -265*o + 116. Let p be r(-32). Let d = 14841 - p. Is d composite?
True
Let x(l) = l**3 - 3*l**2 + l + 18. Let t be x(8). Let w = -207 + t. Is w a composite number?
False
Is (-1 - -3)*(-1)/(16/(-46664)) composite?
True
Let a = -161 + 164. Suppose 4*x - 44936 = -l, 5*x + 0*l = a*l + 56153. Is x composite?
True
Let y(b) = -b**3 + 41*b**2 + 43*b - 288. Is y(35) a composite number?
True
Let t = 23 - 14. Let n(s) = -2*s**2 + 19*s - 7. Let o be n(t). Suppose 2013 = 5*j - o*v + 130, -j = v - 378. Is j a prime number?
False
Let y = 87 + -100. Let p(a) = -24*a**2 + 8*a - 30. Let d be p(y). Is (d/1)/(2 + -4) prime?
False
Let h be (5 - 2) + (-1 - -6). Suppose 10 = s + h. Suppose -5*p - 4*f = -429, 4*p + 5*f - s*f - 344 = 0. Is p a composite number?
False
Suppose -1349644 + 8953806 = 143*h - 1801949. Is h a prime number?
True
Let r(j) = 84*j**3 - 23*j**2 - 38*j + 125. Is r(12) a composite number?
False
Let z(s) = s**2 + 7*s + 57. Let q be z(26). Suppose g - 4579 = -5*r + 5*g, -r + g + q = 0. Is r a prime number?
True
Suppose 156*y - 22*y = 25259938. Is y a prime number?
False
Let d be (14/(-5))/(4/(-10)). Suppose -11*q + 12492 = -d*q + 4*c, -4*q = -4*c - 12524. Is q prime?
False
Suppose 0 = -5*a + 2*p - 3472, -a + p + 4 = 696. Let t = 3557 + a. Is t a composite number?
False
Let s = -289164 + 518845. Is s composite?
False
Let q(k) = k**2 - 70*k + 540. Let t be q(9). Let a be -2 + 1*-1059 - -2. Is (-1)/(-3) + a/t a prime number?
False
Let g = -26 - 16. Let m be (10*-1)/(12/g*-7). Let p(z) = -408*z + 1. Is p(m) a composite number?
True
Is (-243813928)/(-912) - 7/(-6) a composite number?
False
Let l(w) = -w**2 - 15*w - 61. Let a be l(-7). Is a - (-4871 + (5 - 10)) a composite number?
False
Let m = -25 - -27. Suppose h + m*f - 17 = -f, 0 = -4*h + 2*f + 12. Suppose 3 = h*v - 772. Is v a composite number?
True
Suppose t = -2*q + 5*t - 38, -5*q - 130 = -3*t. Is (q - -32) + 937*8 composite?
False
Let s = 15652 - 9533. Is s a composite number?
True
Let o(z) = -68*z**2 - 2*z + 301367. Is o(0) a prime number?
False
Suppose 0 = 4*z - b + 53468 - 266131, 5*z - 4*b = 265826. Suppose z = -5*o + 11*o. Is o composite?
False
Let d(k) = 11*k**3 - 3*k**2 - 9*k + 19. Let a(w) = 4*w - 19. Let c be a(6). Let g be d(c). Suppose 5*m - 4*n - 6389 = 0, -m - 4*n = -n - g. Is m prime?
True
Let z be 2488785/10 - (-2)/4*3. Suppose 0 = 45*m + 10515 - z. Is m composite?
False
Let z be 8 + (-4 + -3 - -3). Let f be ((2/(-5))/1)/(z/(-20)). Suppose -4*c = -f*c - 316. Is c prime?
False
Suppose 2*x + 0 = -5*f + 14, -2*f = -4. Suppose -x*m + 0*c = 2*c - 2112, 4*m - c = 4219. Is m a composite number?
True
Is (1 - 9)*(-181597897)/4264 prime?
True
Suppose 4*x - 2 + 22 = 0, -s = -2*x - 12. Suppose 0 = 3*k + s - 20. Suppose -938 - 136 = -k*z. Is z a composite number?
False
Suppose 5350*c - 5330*c = 1883620. Is c composite?
True
Let t = 17630 - 15769. Is t a composite number?
False
Suppose -116*m = -117*m + 2, 5*m = -4*s + 20179614. Is s a composite number?
False
Suppose 8*v - 28 = 7*v. Suppose v - 3 = 5*z. Suppose -z*g = -0*g - 1085. Is g a composite number?
True
Let z be (6/15)/((-3)/(-30)). Suppose 2*t + 1246 - 1254 = 0. Suppose -a = -z*c + 5*c - 3146, 0 = -t*a + 5*c + 12629. Is a a composite number?
True
Let b(q) = 4*q - 26. Suppose 2*c = -88 + 106. Let s be b(c). Suppose -s*g + 4*g = -4854. Is g a prime number?
True
Is (1 + 499759 - -2)*((-65)/26 - -3) composite?
False
Let g be (-4 - 1180/12)/(3/(-2484)). Suppose 22*m - g = 10*m. Is m prime?
False
Let u(w) = 595*w**2 - 8*w + 7. Let o(f) = -1189*f**2 + 16*f - 14. Let s(j) = -3*o(j) - 5*u(j). Is s(2) a prime number?
False
Let o = 132 - 129. Is (-2 + o)/((10 - 3)/23513) composite?
False
Let i = -59 + 59. Suppose i = -2*j - 10*j - 28956. Let p = -431 - j. Is p a prime number?
False
Let w = -22 + 39. Suppose -6*h + 25 = -w. Is 606/h + (2 - (-36)/(-14)) a composite number?
True
Let u = 88868 - 79. Is u a prime number?
True
Let q be ((-21)/36)/(3/24)*-285. Let g = q - 695. Suppose 0*h + 4*x = 3*h - g, 5*h = x + 1064. Is h composite?
True
Suppose -z + k + 80294 = 0, 43*z - 38*z + 3*k - 401510 = 0. Is z a composite number?
True
Suppose -z - 2*g = -56075, 5*z + g = -67158 + 347569. Is z a composite number?
True
Suppose -68*k = -69*k + 5*h + 356852, 0 = -3*k - 5*h + 1070496. Is k a prim